 240. Suppose n = 3*h + h. What are the prime factors of h?
2, 3
What are the prime factors of (-7)/((-63)/(-2)) - (-9044)/36?
251
Let g(w) be the second derivative of 1/3*w**4 + 2*w**2 - 1/20*w**5 + 0*w**3 + 0 - 2*w. List the prime factors of g(4).
2
Let i = -54 - -76. List the prime factors of i.
2, 11
Let f(r) = -r**3 - 7*r**2 - 7*r - 7. Let h be f(-6). Let k be 3 + (h - 0)*-1. Suppose -2*j = 2*o - k*j - 6, -2*j = -o - 2. List the prime factors of o.
2
What are the prime factors of (-3 - -4) + (-288)/(-2)?
5, 29
Suppose 0 = -x - 1, -5*o + 2*x = -196 - 1186. List the prime factors of o.
2, 3, 23
Let f(v) = 29*v**2 + 12*v + 1. List the prime factors of f(-2).
3, 31
Let g(m) = -m - 1. Let s be g(-1). Suppose 5*a - 1 - 19 = s. Suppose -a*k + 2*k = -12. What are the prime factors of k?
2, 3
Suppose -5 + 33 = -4*d. Let o(y) be the second derivative of y**4/12 + 7*y**3/6 + 3*y**2 - 2*y. What are the prime factors of o(d)?
2, 3
Let p(r) = -r**2 + 7. Let o be p(0). Let f = 7 - o. Suppose n - 5 = f, -29 = -5*z - 2*n + 21. What are the prime factors of z?
2
Let i be (-30)/26 - (-4)/26. Let u = 6 + i. Suppose -5*z + 115 = 5*g, -u*z = -3*z - 4*g - 16. List the prime factors of z.
2, 3
Suppose 4*g + 5*r + 56 = 0, -4*g = -g + r + 42. List the prime factors of (4 - 1) + -6 - g.
11
Suppose -2*d - 160 = -6*d. Suppose -b + 6*b - d = 0. List the prime factors of b.
2
Suppose 24 = -2*a + 4*a - 2*j, -j + 63 = 4*a. List the prime factors of a.
3, 5
List the prime factors of 11/(-5) - -4 - 2/(-10).
2
List the prime factors of (40/3)/((-10)/225*-5).
2, 3, 5
Let u be -6*(-7 - -2)*1. Let x(v) = -7*v. Let d be x(3). Let a = d + u. What are the prime factors of a?
3
Let s(q) = 2*q**2 + 7*q + 5. Let h be s(-4). Let l = -4 + 2. What are the prime factors of l/1*h/(-2)?
3
Let a = 2 + 3. Suppose 0*b - a*b = -130. List the prime factors of b.
2, 13
Let s be 392/(-70) - 2/5. Suppose 0 = -2*f - f + 30. Let u = s + f. List the prime factors of u.
2
Suppose -4*d = -2*d - 12. Let o(z) = 6*z - 1. List the prime factors of o(d).
5, 7
Suppose -12 = 3*x, 2*f + 5*x = -0*x - 36. Let a be 3*1 + (-3 - -3). List the prime factors of (0 + -3)*f/a.
2
Suppose 0*h - h = 3. Let a be -8 + 7 - (-6 + 0). Let c = a + h. List the prime factors of c.
2
Let y be (1 - 3 - 1)*-1. Suppose 5*h - y - 137 = 0. List the prime factors of h.
2, 7
Let u = -11 - -15. Suppose -77 + 21 = -u*f. List the prime factors of f.
2, 7
Let w = -15 - -18. What are the prime factors of -3*(1 - 5/w)?
2
Let h(c) = c**3 - 5*c**2 - 8*c - 10. Let f be h(7). Suppose f + 42 = 2*b. What are the prime factors of b?
37
Suppose -4*z = g - 93, 41 = 3*z - 2*g - 37. Suppose 0 = 4*n - z - 48. Suppose h - 4*h = -n. List the prime factors of h.
2, 3
Let y(q) = -q + 3. Let f be y(11). Let t = 30 + f. List the prime factors of t.
2, 11
Let i(t) = -8*t + 22. List the prime factors of i(-10).
2, 3, 17
Let t(z) = -z**3 + 4*z**2 + 24*z + 2. What are the prime factors of t(6)?
2, 37
Let h be -4*(-1 - (-33)/(-12)). Suppose -3*p + 2 = 3*f + 26, -p - 13 = 2*f. Let i = f + h. List the prime factors of i.
2, 5
Suppose -x - 19 = -5*a, 0*a - 5*a + 21 = x. Suppose -a*d - 403 = 21. What are the prime factors of 6/(-10) - d/10?
2, 5
Let l = -273 + 529. What are the prime factors of l?
2
Suppose 0 = 3*l - 24 - 21. List the prime factors of 1 + -1 + 4 + l.
19
Suppose 3*x = h - 149, 0 = h - 3*x + 8*x - 125. Suppose 0 = -3*o - 0*o + 4*i + 106, 4*i + h = 4*o. List the prime factors of o.
2, 17
Let w be (-4)/(-6)*3/(-2). Let d = 4 + w. List the prime factors of d.
3
What are the prime factors of (-5 - (-104)/16) + (-730)/(-4)?
2, 23
Suppose -2*u + 5*c = -106, -19 + 3 = -4*c. What are the prime factors of u?
3, 7
Let g(s) = -14*s. Let f be g(-5). Suppose 0 = -5*r - f + 250. What are the prime factors of r?
2, 3
Suppose 4*m + 3*g - 23 = 0, m = 4*g - 15 - 3. Suppose -q + 1 = -m*q. List the prime factors of (-22)/q + (-7 - -4).
19
Let a be (0 + -1)/((-2)/12). Let j = a - -6. What are the prime factors of j?
2, 3
Suppose 0 = -p + 5*b - 17, b - 17 = -3*p - b. Suppose -8*o + p*o + 20 = 0. List the prime factors of o.
2
Let h(f) = f + 200. List the prime factors of h(0).
2, 5
Let o = 9 + -6. Let j = 7 - o. What are the prime factors of j - -1 - 0/(-1)?
5
Suppose -42 = 3*y + m + 2*m, -4*y = m + 65. Let q be -10 - 1/(-2)*-4. Let l = q - y. List the prime factors of l.
5
Let r(u) = u**3 + 3*u**2 + 2*u + 3. Let y be r(-2). Let j be (-4)/(-6) + (-8)/y. List the prime factors of 6 - (-3)/((-6)/j).
7
Let p be -2*(-9)/(-6) + 8. Suppose -5*m - 4 = 2*g + 2, p*m = -g - 8. What are the prime factors of g*(-3 - (-11)/2)?
5
Let x be ((-3)/(-6)*-6)/(-1). Suppose 3*y + 0 = 3, x*y - 48 = -3*w. What are the prime factors of w?
3, 5
Suppose n + 3*n - 172 = 0. Suppose -5*u - 4*h = -n, u = 4*h - 0*h - 1. Suppose 0 = -u*g + 6*g + 3. What are the prime factors of g?
3
Suppose 16 = 5*i - 4. Let z(u) = 3 + 5*u - i*u + 0. What are the prime factors of z(6)?
3
Let z = 162 + -64. Suppose -d = -5*w - 11, -5*d = -3*w - z - 23. List the prime factors of d.
2, 13
Let a(h) = 2*h - 12. Let l be 2 - (-1 - (-4)/(-2)). Suppose 5 = -5*i, -l*c = -0*i + 5*i - 50. List the prime factors of a(c).
2, 5
Suppose 0 = 4*j - 0 - 8. Suppose j*t = 4 + 8. What are the prime factors of t?
2, 3
Suppose -4*q + 367 = 11. What are the prime factors of q?
89
Suppose 147 = 3*s + 3*t, 0*s - 4*s + t = -216. What are the prime factors of s?
53
Let u(b) = 5*b**2 + 2*b - 2. Suppose -3*j - j - 4 = 0, -2*j = -3*o - 4. What are the prime factors of u(o)?
2, 7
Let d(i) = i**2 - 3*i - 1. What are the prime factors of d(-5)?
3, 13
Suppose -9 - 15 = 2*l. Let s = 59 + -57. What are the prime factors of (-2)/(4/s)*l?
2, 3
Let l(y) = -y**3 - y - 3. Let t be l(0). Let p(x) = -x**3 + 8*x**2 - 5*x - 8. Let d be p(7). Let f = t + d. List the prime factors of f.
3
Let u(h) = h**2 - 4*h + 34. What are the prime factors of u(-14)?
2, 11, 13
Let z(j) = 4*j - 4. Let a(f) = f - 1. Let b(r) = -9*a(r) + 2*z(r). Let i be b(-1). Suppose 75 = i*n + 3*n. List the prime factors of n.
3, 5
Let q(c) = -15*c - 3. Let u be q(-2). Suppose k - 4*k + u = 0. List the prime factors of k.
3
Let a = -7 - -10. Let f = a - -4. What are the prime factors of f?
7
Let y(p) = -p**3 + 10*p**2 + 9*p - 10. Let a(v) = v**2 - v - 1. Let d(l) = a(l) - y(l). List the prime factors of d(10).
3
Let g = 157 + -75. List the prime factors of g.
2, 41
What are the prime factors of (41/3)/((-14)/(-42))?
41
Suppose 10*q = -3*q + 559. List the prime factors of q.
43
Let c = -4 - -8. Suppose -5*o + b + 50 = 0, c*o + 0*b - 51 = 3*b. List the prime factors of o.
3
Suppose -2*c = -3*c + 3. Suppose 3*x = 3 + c. Suppose -2*f - b + 29 = -2*b, 0 = -x*f - 3*b + 17. What are the prime factors of f?
13
Let u be (13/3)/((-2)/(-12)). Suppose -4*m - m = -225. Let k = m - u. What are the prime factors of k?
19
Suppose -29 = -2*g + 45. List the prime factors of g.
37
Let p(u) = -u**2 + 3*u - 5. Let i be p(4). List the prime factors of (-1)/(-3) + (-105)/i.
2, 3
Let r = 0 - 9. Let k = r - -13. List the prime factors of -1*-2*14/k.
7
Suppose -2*q = 0, -c + 4 = c + q. Suppose -8 = -2*o - c*o. Suppose 3*s + 3 = 6, 2*b = -o*s + 16. What are the prime factors of b?
7
Suppose -6 = -2*b + 2. Suppose b*u = -4 + 16. Suppose -5*r + u = -22. List the prime factors of r.
5
Let f be (-25 + 2)*-1 + 0. Let k = f - 13. List the prime factors of k.
2, 5
Suppose -5*u + 10 = 2*h + 3*h, 2*h = 5*u + 25. Let i be ((-3)/u - 1)/2. Suppose 10 = n - i*n. List the prime factors of n.
2, 5
Suppose -2*o + 3*w - 5 = 1, 5*o + 4*w = 8. Suppose 4*v + o*v = 12. Suppose 5*l - 5 = 0, -1 + 13 = 3*g + v*l. List the prime factors of g.
3
Suppose 3*g - 110 = 64. List the prime factors of g.
2, 29
Let k = -36 - -40. List the prime factors of k.
2
Let b = -31 - -15. Let a = -11 - b. Suppose -g + 1 = -a. List the prime factors of g.
2, 3
Suppose -5*q - 4*k = -58, 4*q - 48 = -0*q - 4*k. Let l be 2/(2*(-3)/(-12)). Suppose -l*x + q = -3*x - 2*u, -4*u + 28 = x. What are the prime factors of x?
2
Suppose 5*s = -5*p - 5, 5*p + s - 1 = -s. Suppose -2*b - 28 = -4*a, a = -5*b - 3 - p. What are the prime factors of a?
2, 3
Let b be (2/(-3))/((-3)/9). Suppose 0 = -4*g + b*r + r + 72, -2*g + 38 = -r. What are the prime factors of g?
3, 7
Suppose 0 = 2*z - 